 of 452281.
47, 9623
What are the prime factors of 937994?
2, 53, 8849
What are the prime factors of 19988489?
47, 103, 4129
List the prime factors of 80597.
11, 17, 431
List the prime factors of 23031293.
23031293
List the prime factors of 10938890.
2, 5, 1093889
What are the prime factors of 722950?
2, 5, 19, 761
List the prime factors of 21374799.
3, 263, 27091
What are the prime factors of 2450121?
3, 23, 35509
List the prime factors of 977786.
2, 488893
What are the prime factors of 14933667?
3, 7, 17, 59, 709
What are the prime factors of 9790091?
9790091
List the prime factors of 22192.
2, 19, 73
What are the prime factors of 2733852?
2, 3, 11, 139, 149
What are the prime factors of 47866?
2, 7, 13, 263
What are the prime factors of 321058?
2, 229, 701
List the prime factors of 8508984.
2, 3, 11, 167, 193
List the prime factors of 378087.
3, 193, 653
What are the prime factors of 2718320?
2, 5, 11, 3089
What are the prime factors of 24820?
2, 5, 17, 73
What are the prime factors of 269930?
2, 5, 26993
What are the prime factors of 19272599?
569, 33871
List the prime factors of 143267.
23, 6229
What are the prime factors of 863222?
2, 431611
List the prime factors of 118089.
3, 13121
What are the prime factors of 11636096?
2, 90907
What are the prime factors of 641254?
2, 320627
List the prime factors of 90649.
13, 19, 367
What are the prime factors of 2218340?
2, 5, 110917
What are the prime factors of 2072659?
29, 71471
List the prime factors of 415508.
2, 109, 953
What are the prime factors of 10847083?
13, 41, 47, 433
List the prime factors of 78101.
78101
What are the prime factors of 1032404?
2, 258101
What are the prime factors of 15579825?
3, 5, 31, 6701
What are the prime factors of 2976425?
5, 119057
List the prime factors of 122937.
3, 43, 953
List the prime factors of 380041.
380041
List the prime factors of 3807921.
3, 13, 251, 389
List the prime factors of 210807.
3, 59, 397
What are the prime factors of 355806?
2, 3, 11, 599
What are the prime factors of 14029397?
563, 24919
List the prime factors of 7566716.
2, 1891679
List the prime factors of 9741.
3, 17, 191
What are the prime factors of 9455882?
2, 19, 248839
List the prime factors of 305212.
2, 76303
What are the prime factors of 1569025?
5, 62761
List the prime factors of 2265701.
41, 73, 757
List the prime factors of 1002224.
2, 62639
List the prime factors of 5065645.
5, 13, 77933
List the prime factors of 1940132.
2, 37, 13109
List the prime factors of 214117.
31, 6907
List the prime factors of 29933879.
23, 31, 41983
List the prime factors of 1192515.
3, 5, 107, 743
List the prime factors of 446960.
2, 5, 37, 151
List the prime factors of 351176.
2, 7, 6271
List the prime factors of 916302.
2, 3, 152717
List the prime factors of 1305546.
2, 3, 11, 131, 151
List the prime factors of 1892164.
2, 23, 131, 157
What are the prime factors of 7910666?
2, 23, 7477
List the prime factors of 235143.
3, 2903
What are the prime factors of 4586344?
2, 7, 81899
What are the prime factors of 270062?
2, 13, 17, 47
What are the prime factors of 215822?
2, 31, 59
What are the prime factors of 20825521?
31, 671791
List the prime factors of 18549.
3, 229
What are the prime factors of 928628?
2, 43, 5399
List the prime factors of 2501344.
2, 78167
What are the prime factors of 433751?
19, 37, 617
What are the prime factors of 9618273?
3, 7, 152671
List the prime factors of 1804563.
3, 19, 61, 173
What are the prime factors of 8267587?
79, 229, 457
List the prime factors of 2978435.
5, 595687
What are the prime factors of 279774?
2, 3, 11, 157
What are the prime factors of 314227?
314227
What are the prime factors of 870183?
3, 3581
What are the prime factors of 1328014?
2, 773, 859
What are the prime factors of 4001150?
2, 5, 43, 1861
What are the prime factors of 3044192?
2, 95131
What are the prime factors of 1210907?
359, 3373
What are the prime factors of 90328?
2, 7, 1613
List the prime factors of 4436104.
2, 311, 1783
What are the prime factors of 2454640?
2, 5, 61, 503
List the prime factors of 5444983.
2087, 2609
List the prime factors of 59913.
3, 7, 317
List the prime factors of 2474051.
2474051
What are the prime factors of 465936?
2, 3, 17, 571
What are the prime factors of 847318?
2, 461, 919
List the prime factors of 516683.
347, 1489
What are the prime factors of 142061?
142061
What are the prime factors of 150793?
101, 1493
What are the prime factors of 1741669?
113, 15413
List the prime factors of 5670363.
3, 1890121
What are the prime factors of 457436?
2, 7, 17, 31
What are the prime factors of 71203?
11, 6473
What are the prime factors of 2480137?
11, 103, 199
What are the prime factors of 98510?
2, 5, 9851
List the prime factors of 883137.
3, 29, 10151
What are the prime factors of 196574?
2, 7, 19, 739
List the prime factors of 496123.
496123
What are the prime factors of 400569?
3, 13, 10271
What are the prime factors of 303786?
2, 3, 7, 2411
What are the prime factors of 5027715?
3, 5, 7, 11, 1451
What are the prime factors of 24802?
2, 12401
What are the prime factors of 1676437?
7, 34213
List the prime factors of 1128173.
23, 181, 271
List the prime factors of 1834029.
3, 67927
List the prime factors of 828402.
2, 3, 101, 1367
List the prime factors of 212600.
2, 5, 1063
List the prime factors of 1230820.
2, 5, 19, 41, 79
What are the prime factors of 143180?
2, 5, 7159
List the prime factors of 68758.
2, 31, 1109
List the prime factors of 18972966.
2, 3, 241, 13121
What are the prime factors of 258793?
137, 1889
List the prime factors of 800559.
3, 88951
List the prime factors of 12043748.
2, 31, 97127
List the prime factors of 209338.
2, 17, 47, 131
List the prime factors of 461322.
2, 3, 8543
What are the prime factors of 817965?
3, 5, 73, 83
What are the prime factors of 1928553?
3, 11, 58441
What are the prime factors of 5123916?
2, 3, 7, 20333
List the prime factors of 173446.
2, 7, 13, 953
List the prime factors of 2127096.
2, 3, 31, 953
List the prime factors of 13554364.
2, 151, 22441
List the prime factors of 4256095.
5, 19, 71, 631
What are the prime factors of 196036?
2, 49009
List the prime factors of 415996.
2, 7, 83, 179
What are the prime factors of 614211?
3, 13, 15749
What are the prime factors of 330134?
2, 7, 23581
What are the prime factors of 1262261?
7, 11, 13, 97
List the prime factors of 297746.
2, 148873
List the prime factors of 199036.
2, 17, 2927
List the prime factors of 12557631.
3, 337, 12421
What are the prime factors of 5447829?
3, 1815943
List the prime factors of 497130.
2, 3, 5, 73, 227
What are the prime factors of 23213342?
2, 487, 23833
What are the prime factors of 2604393?
3, 11, 37, 79
What are the prime factors of 2235837?
3, 47, 101, 157
List the prime factors of 1327741.
743, 1787
What are the prime factors of 411759?
3, 45751
List the prime factors of 39991.
7, 29, 197
What are the prime factors of 621334?
2, 7, 44381
List the prime factors of 931004.
2, 232751
What are the prime factors of 14222464?
2, 23, 4831
List the prime factors of 496947.
3, 11, 37
List the prime factors of 589220.
2, 5, 17, 1733
List the prime factors of 10279214.
2, 11, 467237
List the prime factors of 4204015.
5, 17, 49459
List the prime factors of 108073.
7, 15439
List the prime factors of 38579.
173, 223
What are the prime factors of 1091914?
2, 419, 1303
What are the prime factors of 3010927?
79, 38113
List the prime factors of 1289957.
43, 131, 229
List the prime factors of 28819.
7, 23, 179
List the prime factors of 5150007.
3, 19, 10039
List the prime factors of 1645050.
2, 3, 5, 11, 997
List the prime factors of 1241422.
2, 7, 13, 19, 359
What are the prime factors of 168664?
2, 29, 727
List the prime factors of 5719998.
2, 3, 953333
What are the prime factors of 8013?
3, 2671
List the prime factors of 523485.
3, 5, 11633
List the prime factors of 261386.
2, 130693
List the prime factors of 23446521.
3, 7, 372167
List the prime factors of 14503154.
2, 7251577
What are the prime factors of 4045455?
3, 5, 89899
List the prime factors of 29022.
2, 3, 7, 691
List the prime factors of 3431390.
2, 5, 31, 11069
List the prime factors of 2681359.
17, 41, 3847
List the prime factors of 19848935.
5, 3969787
What are the prime factor